 14?
-7928
61d1 (base 15) to base 5
1130141
What is -10140 (base 10) in base 13?
-4800
Convert 3106 (base 15) to base 7.
42123
Convert -176 (base 14) to base 3.
-102010
110111110111 (base 2) to base 16
df7
What is -b7b4 (base 15) in base 6?
-455541
What is 100040 (base 6) in base 12?
4620
202210 (base 3) to base 11
470
Convert 1c00 (base 15) to base 7.
23466
Convert 395 (base 10) to base 15.
1b5
Convert 130353 (base 7) to base 15.
7280
Convert -a6f9 (base 16) to base 14.
-11813
Convert 1330 (base 6) to base 14.
1a6
Convert 3a8 (base 13) to base 11.
537
What is 41b2 (base 16) in base 7?
100014
-55113 (base 6) to base 16
-1db5
Convert 5100 (base 7) to base 4.
123210
Convert 668 (base 13) to base 16.
44c
What is 1451 (base 7) in base 6?
2355
Convert -200101122 (base 3) to base 16.
-3461
What is 2746 (base 16) in base 7?
41212
9cdf (base 16) to base 15
bd74
Convert 41134 (base 5) to base 13.
12a4
Convert -1499 (base 11) to base 13.
-b4c
Convert 2c0 (base 13) to base 11.
40a
Convert -1442 (base 9) to base 4.
-101003
What is -4264 (base 14) in base 11?
-8675
-12aa (base 13) to base 15
-bd5
Convert 203 (base 6) to base 14.
55
-10513 (base 6) to base 2
-10111001101
What is 11ff (base 16) in base 13?
2135
What is -548 (base 11) in base 16?
-291
What is 221013 (base 5) in base 14?
2ad3
-134 (base 13) to base 15
-e2
624 (base 7) to base 8
470
What is 1186 (base 11) in base 6?
11054
Convert 6338 (base 12) to base 16.
2a5c
Convert 2f5 (base 16) to base 14.
3c1
What is -4 (base 13) in base 9?
-4
What is -41140 (base 5) in base 11?
-2008
Convert 6b6 (base 15) to base 5.
22041
What is 1101112 (base 3) in base 8?
1765
Convert -1c6 (base 13) to base 7.
-652
What is -5ba0 (base 13) in base 10?
-12974
Convert 10312 (base 7) to base 9.
3451
11b (base 12) to base 3
20012
Convert 2d81 (base 15) to base 16.
2644
21232 (base 4) to base 5
4442
Convert 21342 (base 13) to base 16.
e9e8
Convert -22064 (base 10) to base 15.
-680e
23825 (base 9) to base 5
1002410
Convert -234 (base 10) to base 12.
-176
Convert 513 (base 10) to base 12.
369
What is -33000 (base 4) in base 16?
-3c0
Convert -3011 (base 10) to base 5.
-44021
What is -27d (base 15) in base 5?
-4233
Convert -23000 (base 4) to base 16.
-2c0
Convert 2311 (base 5) to base 15.
171
16a (base 14) to base 10
290
4ac (base 13) to base 9
1108
16f (base 16) to base 10
367
What is 27433 (base 12) in base 16?
d3a7
2020103 (base 4) to base 16
2213
Convert 930 (base 12) to base 7.
3612
Convert -308 (base 12) to base 10.
-440
Convert -12212212 (base 3) to base 6.
-31505
-171 (base 14) to base 3
-101221
Convert 749 (base 11) to base 7.
2424
625 (base 15) to base 13
827
Convert 311021 (base 4) to base 9.
4588
What is 1101010011011 (base 2) in base 6?
51311
-10200212 (base 3) to base 12
-1688
Convert -163 (base 7) to base 14.
-6a
Convert -717 (base 13) to base 2.
-10010110011
Convert 12130333 (base 4) to base 8.
63477
1b16 (base 14) to base 7
20226
1221010121 (base 3) to base 5
2204010
Convert -72660 (base 8) to base 4.
-13112300
-23430 (base 6) to base 15
-101c
-454 (base 8) to base 5
-2200
What is 1131012 (base 4) in base 13?
2934
Convert -1201201 (base 3) to base 14.
-661
Convert 10101101002 (base 3) to base 11.
46056
Convert -42551 (base 6) to base 14.
-21a3
Convert 5404 (base 11) to base 4.
1233213
1022201201 (base 3) to base 7
135640
What is 35761 (base 11) in base 2?
1100100100100100
What is 101100001111 (base 2) in base 11?
2144
What is -41318 (base 9) in base 5?
-1332413
What is -40a8 (base 13) in base 8?
-21336
2240 (base 5) to base 15
165
Convert -2224 (base 5) to base 12.
-222
What is -115a (base 11) in base 8?
-2755
-508 (base 10) to base 4
-13330
What is -1970 (base 10) in base 12?
-1182
2920 (base 15) to base 4
2021211
Convert 1230003 (base 6) to base 14.
1a135
What is -1222 (base 8) in base 4?
-22102
What is -452 (base 15) in base 2?
-1111010001
What is 10150 (base 6) in base 16?
552
Convert 18d (base 15) to base 4.
11212
Convert -42405 (base 7) to base 14.
-3b75
Convert 9315 (base 11) to base 6.
133114
Convert 26f (base 16) to base 11.
517
Convert 23 (base 9) to base 2.
10101
Convert a561 (base 12) to base 11.
12640
-1161 (base 16) to base 5
-120244
Convert 45975 (base 10) to base 8.
131627
Convert -4b86 (base 15) to base 7.
-64641
Convert -21631 (base 9) to base 13.
-6700
Convert 3266 (base 7) to base 5.
14200
What is -2456 (base 7) in base 6?
-4135
Convert -1111 (base 7) to base 4.
-12100
11211 (base 4) to base 11
2a5
What is 445 (base 10) in base 9?
544
What is 1108 (base 13) in base 16?
946
What is -4306 (base 16) in base 14?
-6378
-1112 (base 4) to base 8
-126
-a89 (base 12) to base 2
-11000001001
-1109 (base 11) to base 12
-a19
-248 (base 14) to base 10
-456
What is 21027 (base 9) in base 4?
3120310
-15338 (base 10) to base 2
-11101111101010
Convert -10805 (base 9) to base 3.
-100220012
What is -675 (base 8) in base 3?
-121111
Convert 651c (base 13) to base 12.
8170
What is 2164 (base 7) in base 2?
1100001101
What is 4304 (base 7) in base 11?
1165
Convert -100022 (base 3) to base 9.
-308
210312 (base 5) to base 12
4039
What is 2c9 (base 15) in base 16?
27f
What is -1122314 (base 5) in base 9?
-30803
What is 851 (base 13) in base 14?
734
796 (base 10) to base 16
31c
-445 (base 7) to base 6
-1021
-35a3 (base 15) to base 13
-5262
What is -3863 (base 13) in base 15?
-259e
991 (base 11) to base 6
5301
551c (base 15) to base 4
10121223
-122022 (base 4) to base 10
-1674
Convert 1243 (base 9) to base 8.
1642
Convert 12103 (base 4) to base 9.
487
What is -110212110 (base 3) in base 10?
-9381
Convert -7870 (base 10) to base 8.
-17276
-1012 (base 8) to base 6
-2230
-271a4 (base 13) to base 3
-10200212110
-34 (base 6) to base 14
-18
What is -693 (base 13) in base 10?
-1134
-1003 (base 11) to base 10
-1334
Convert 8e0 (base 16) to base 11.
1786
What is 101010000111001 (base 2) in base 9?
32516
21120112 (base 3) to base 2
1010110010010
What is 103502 (base 6) in base 11?
6514
ac58 (base 15) to base 11
254a2
Convert 91d (base 15) to base 14.
a69
Convert 33210 (base 8) to base 7.
55462
176 (base 10) to base 12
128
Convert -527 (base 9) to base 7.
-1153
What is 857 (base 10) in base 2?
1101011001
-231 (base 13) to base 10
-378
What is 248 (base 14) in base 15?
206
Convert -55422 (base 6) to base 2.
-1111000100110
Convert 17a7 (base 13) to base 8.
6675
Convert -104022 (base 5) to base 13.
-186a
What is -18120 (base 12) in base 6?
-424440
164b8 (base 12) to base 13
11639
What is -22348 (base 12) in base 11?
-31138
What is -b0 (base 12) in base 9?
-156
1536 (base 7) to base 15
2b0
Convert 85 (base 9) to base 6.
205
-432a (base 12) to base 7
-30340
Convert -1b3a (base 13) to base 7.
-14653
Convert 101011001 (base 3) to base 15.
22d4
What is -257 (base 11) in base 9?
-367
160e (base 16) to base 9
7663
Convert 5922 (base 10) to base 9.
8110
-2297 (base 11) to base 15
-d5a
What is 6032 (base 12) in base 13?
4976
What is -12a0 (base 16) in base 2?
-1001010100000
Convert -534 (base 11) to base 5.
-10032
Convert 1987 (base 12) to base 3.
11021211
Convert 437 (base 13) to base 14.
398
Convert 1011110000011010 (base 2) to base 16.
bc1a
What is -76042 (base 10) in base 16?
-1290a
-315 (base 6) to base 4
-1313
-14 (base 9) to base 13
-10
353223 (base 6) to base 9
45806
450 (base 10) to base 14
242
Convert 279b (base 16) to base 7.
41363
-3439 (base 10) to base 14
-1379
What is -314023 (base 5) in base 8?
-24421
What is -1075 (base 13) in base 6?
-14341
Convert 10100010100 (base 2) to base 11.
a82
What is 236026 (base 8) in base 16?
13c16
123 (base 14) to base 4
3203
815 (base 13) to base 6
10202
7265 (base 9) to base 11
4000
-761 (base 15) to base 11
-1285
What is 236 (base 15) in base 12?
359
Convert 43220 (base 6) to base 5.
142131
Convert 100200 (base 4) to base 15.
4a6
What is 203003 (base 4) in base 16?
8c3
Convert -121121 (base 3) to base 15.
-1ed
What is -661 (base 16) in base 10?
-1633
What is -420254 (base 6) in base 14?
-c466
What is -20bb9 (base 12) in base 9?
-65226
2021201 (base 4) to base 3
110001222
What is 4421 (base 5) in base 15?
2ab
What is 3b4 (base 16) in base 11?
792
-2aa (base 12) to base 8
-642
What is 101000121 (base 3) in base 9?
11017
What is -be75 (base 15) in base 11?
-28384
Convert -22ae (base 16) to bas